late o(-41).
2041
Let z(s) = 316*s - 1743. What is z(5)?
-163
Let z(q) = -3*q**2 - 137*q + 8505. Determine z(35).
35
Let y(q) = 100*q**2 + 3059*q + 1775. Give y(-30).
5
Let h(r) = r**2 - 23974*r - 143893. Calculate h(-6).
-13
Let g(z) = 983*z - 1203. What is g(1)?
-220
Let i(b) = -3*b**2 - 1265*b - 32052. Determine i(-27).
-84
Let x(j) = j**3 - 253*j**2 - 9614*j + 50338. Give x(286).
2
Let n(h) = -733*h + 711. Determine n(1).
-22
Let v(g) = 2*g**3 - 23*g**2 + 51*g + 109. Determine v(11).
549
Let z(r) = -230312*r - 3224353. Give z(-14).
15
Let x(r) = 126078*r + 3908453. Calculate x(-31).
35
Let t(f) = -f**3 + 12*f**2 - 104*f + 775. What is t(10)?
-65
Let p(k) = 364*k - 36478. What is p(88)?
-4446
Let h(x) = 2*x**2 + 757*x - 18070. What is h(-401)?
-25
Let j(g) = 17*g**2 + 208*g + 487. Calculate j(-9).
-8
Let a(m) = 32*m + 351. Give a(-11).
-1
Let k(u) = 14770*u - 250385. Determine k(17).
705
Let g(w) = -w**3 + 7*w**2 + 366*w + 4717. Give g(27).
19
Let l(g) = -47099*g + 47481. Give l(1).
382
Let k(f) = -f**3 - 8*f**2 + 298*f - 1375. Determine k(8).
-15
Let l(i) = 13*i**2 + 648*i + 5900. Calculate l(-40).
780
Let f(g) = -58968*g + 1592143. Give f(27).
7
Let g(x) = -3*x**2 - 128*x - 447. Give g(-38).
85
Let g(p) = p**3 + 33*p**2 - 3317*p + 91. Determine g(-76).
3815
Let j(z) = -23738*z + 94762. What is j(4)?
-190
Let o(n) = 32*n**3 + 11*n**2 + 55*n + 23. Determine o(-4).
-2069
Let z(h) = -h**3 - 7*h**2 + 21*h + 518. Calculate z(-9).
491
Let q(o) = o**2 + 20467*o + 1488760. What is q(-73)?
-2
Let n(f) = 3*f**2 + 9970*f + 129097. Give n(-13).
-6
Let k(f) = -3*f**2 + 99101*f - 693564. What is k(7)?
-4
Let a(n) = 3*n**2 - 326*n - 3293. Calculate a(-11).
656
Let p(u) = -2*u**3 + 229*u**2 - 370*u + 3547. Give p(113).
44
Let x(u) = -2*u**2 - 161*u - 386. Calculate x(-89).
-1899
Let l(r) = 141*r**2 + 244*r + 302. Give l(-1).
199
Let f(b) = 27669*b + 165993. Give f(-6).
-21
Let m(h) = -173*h + 30313. Determine m(173).
384
Let d(q) = 1621*q - 6463. What is d(4)?
21
Let m(u) = 5*u**3 + 15*u**2 + 26. What is m(-7)?
-954
Let m(g) = -g**3 - 257*g**2 - 10685*g - 1304. What is m(-52)?
-4
Let n(o) = o**2 - 1274474*o + 87933947. What is n(69)?
2
Let h(z) = 2693*z - 209448. Calculate h(78).
606
Let g(c) = -10*c**3 + 289*c**2 - 67*c + 2787. What is g(29)?
3
Let n(c) = 4078*c + 27720. Determine n(-7).
-826
Let b(g) = 16*g**2 + 15*g - 204. Calculate b(9).
1227
Let h(q) = 84*q + 1302. Give h(10).
2142
Let x(b) = -5988*b + 1305299. Determine x(218).
-85
Let v(m) = -2*m**3 - 24*m**2 - 137*m - 2098. Calculate v(-13).
21
Let w(o) = -7922*o - 4396707. Determine w(-555).
3
Let c(g) = 4089*g - 89961. Calculate c(22).
-3
Let b(p) = 2*p**2 - 324*p + 1517. What is b(162)?
1517
Let r(t) = -t**3 - 21*t**2 - 411*t - 3628. Determine r(-12).
8
Let k(m) = 5*m**2 - 423*m + 375. What is k(81)?
-1083
Let w(n) = -n**3 + 2705*n**2 - 59049*n + 478. What is w(22)?
-28
Let j(p) = p**3 - 17*p**2 + 70*p + 142. Calculate j(14).
534
Let f(z) = -z**2 + 5107*z - 137137. Give f(27).
23
Let l(g) = -178*g**2 - 3570*g - 232. Determine l(-20).
-32
Let l(a) = 603*a - 123236. Give l(204).
-224
Let g(s) = 4*s**2 + 7*s - 314. What is g(24)?
2158
Let m(r) = -2*r**2 + 1093*r - 15968. Determine m(15).
-23
Let j(v) = -3546*v - 102853. Determine j(-29).
-19
Let v(l) = -2*l**2 + 644*l + 67218. What is v(-83)?
-12
Let l(g) = -g**3 + 31*g**2 - 2441*g + 79118. Calculate l(32).
-18
Let b(n) = -16*n - 394. Calculate b(-68).
694
Let x(o) = -2601*o - 260103. Determine x(-100).
-3
Let i(r) = 2*r**2 - 568*r + 10654. What is i(20)?
94
Let h(c) = c**2 - 243*c + 1582. Give h(6).
160
Let h(q) = -496*q + 38705. Give h(78).
17
Let q(k) = -5*k**3 - 41*k**2 - 156*k - 1199. Calculate q(-8).
-15
Let q(a) = -1398*a**3 + 8*a**2 + 6*a - 12. What is q(1)?
-1396
Let t(c) = c**3 - 27*c**2 - 1728*c + 45603. What is t(26)?
-1
Let b(m) = m**3 - 9*m**2 - 657*m - 938. What is b(31)?
-163
Let x(t) = -137*t - 9553. Give x(-64).
-785
Let y(r) = -2377*r + 11142. What is y(4)?
1634
Let l(b) = -b**3 + 4*b**2 - 472*b + 1841. Determine l(4).
-47
Let q(r) = 6*r**2 - 3958*r + 82922. Determine q(638).
-18
Let k(a) = 1425*a - 55679. Calculate k(38).
-1529
Let c(f) = f**2 + 1327*f - 1661. What is c(0)?
-1661
Let m(k) = -k**3 + 4*k**2 + 653*k - 5078. Determine m(8).
-110
Let t(l) = l**3 - 135*l**2 - 2718*l + 140241. Determine t(147).
3
Let u(n) = -6*n**3 - 120*n**2 + 3*n + 50. What is u(-20)?
-10
Let i(h) = 21*h**2 + 440*h + 393. What is i(-20)?
-7
Let j(l) = 2*l**2 + 18537*l - 6037595. Determine j(315).
10
Let w(m) = 2*m**2 - 35*m + 296. Give w(9).
143
Let d(q) = q**3 + 5*q**2 + 4*q + 193. Calculate d(-10).
-347
Let g(b) = -553*b + 4595. Determine g(8).
171
Let s(u) = -5*u**2 + 1119*u - 9760. Calculate s(9).
-94
Let q(w) = -11883*w + 10742196. Calculate q(904).
-36
Let z(r) = r**3 - 402*r**2 + 2376*r - 791978. Give z(401).
-3
Let v(a) = a**3 - 577*a**2 + 65677*a - 140. Give v(156).
16
Let i(t) = -15161*t - 151363. Calculate i(-10).
247
Let a(g) = 177*g + 7363. Calculate a(-40).
283
Let m(b) = 513*b + 30201. Determine m(-59).
-66
Let g(a) = a**2 - 30844*a - 277688. Give g(-9).
-11
Let d(k) = 2*k**2 + 453759*k - 3630196. Determine d(8).
4
Let t(l) = -245*l + 17685. Give t(67).
1270
Let a(s) = -3*s**3 - 1479*s**2 + 2975*s + 2841. Give a(-495).
366
Let a(z) = -265*z**2 + 1298*z + 40. Calculate a(5).
-95
Let p(y) = 5*y**3 - 183*y**2 + 101*y + 286. Give p(36).
34
Let p(f) = 2*f**3 + 31*f**2 - 387*f - 209. Determine p(-23).
757
Let y(b) = 8*b**2 + 244*b - 276. Calculate y(-37).
1648
Let b(p) = p**2 - 350*p + 2996. Calculate b(9).
-73
Let b(q) = 13315*q - 932154. Calculate b(70).
-104
Let n(a) = -100*a**2 - 329*a - 226. Determine n(-3).
-139
Let y(p) = -12226*p - 1137050. Give y(-93).
-32
Let j(u) = 39218*u + 156867. Give j(-4).
-5
Let h(k) = -394*k + 15170. Determine h(42).
-1378
Let n(m) = -2*m**2 - 270*m - 7786. What is n(-47)?
486
Let u(x) = -4438*x + 141700. What is u(32)?
-316
Let q(l) = -883*l - 254837. Give q(-289).
350
Let q(g) = 358320*g + 1433286. What is q(-4)?
6
Let p(r) = -33*r + 2966. Calculate p(119).
-961
Let g(v) = 5*v**3 + 842*v**2 - 5784*v - 1585. Calculate g(-175).
-10
Let x(t) = 58*t**2 - 59*t + 67. Determine x(3).
412
Let m(y) = 19*y**3 - 496*y**2 + 321*y - 6985. Calculate m(26).
9
Let p(a) = -431*a - 12101. Determine p(-28).
-33
Let c(x) = -6*x**3 + 75*x**2 + 48*x - 101. Calculate c(13).
16
Let g(f) = f**3 - 1641*f - 6515. What is g(-4)?
-15
Let m(j) = -152*j**3 - 88*j**2 - 58*j - 8. Determine m(-1).
114
Let f(c) = c**3 - 136*c**2 - 4587*c + 177. What is f(-28)?
37
Let t(h) = -2*h**2 - 2095*h - 303214. Give t(-874).
64
Let z(a) = 2173*a + 478045. Determine z(-220).
-15
Let w(g) = 2*g**3 - 189*g**2 - 12736*g - 545. What is w(140)?
15
Let x(o) = -o**2 - 9273*o + 120744. Calculate x(13).
26
Let d(o) = o**2 - 32*o - 948. Give d(-25).
477
Let q(a) = -1663*a + 192738. What is q(116)?
-170
Let q(d) = 71*d - 955. What is q(11)?
-174
Let r(x) = 3*x**2 + 14238*x - 473043. Determine r(33).
78
Let l(z) = -10*z**3 - 95*z**2 + 616*z + 28. Give l(7).
-3745
Let z(o) = o**2 - 2493*o + 24802. Determine z(10).
-28
Let q(h) = 2430*h - 58342. Determine q(24).
-22
Let i(b) = 150*b**3 + 21*b**2 + 44*b + 24. What is i(-2)?
-1180
Let h(m) = -10740*m + 3232751. Determine h(301).
11
Let w(r) = -1051*r + 2753. What is w(-3)?
5906
Let w(h) = -78*h**2 + 3703*h + 3779. What is w(-1)?
-2
Let m(y) = 2*y**2 - 78613*y + 393009. What is m(5)?
-6
Let p(v) = -5131*v**2 - 194976*v + 82. Give p(-38).
6
Let j(t) = -2*t**2 + 297*t - 10927. Determine j(82).
-21
Let s(q) = -83*q - 61. What is s(-2)?
105
Let s(a) = 3*a**3 - 223*a**2 + 105*a - 438. Determine s(74).
1856
Let s(o) = -2*o**3 + 40*o**2 + 240*o - 5904. Give s(16).
-16
Let d(c) = c**3 + 107*c**2 + 2503*c - 4507. What is d(-38)?
15
Let b(j) = -5*j**2 + 4016*j + 90778. What is b(-22)?
6
Let k(p) = -64*p**3 + 8*p**2 + 762*p + 761. Give k(-1).
71
Let s(c) = -44698*c + 1072820. What is s(24)?
68
Let z(x) = -136*x**2 - 512*x + 1045. Calculate z(2).
-523
Let f(m) = -774*m + 266258. Determine f(344).
2
Let n(y) = 2*y**2 - 1697*y - 82281. Calculate n(-46).
13
Let j(o) = o**2 - 1409*o + 80937. Calculate j(60).
-3
Let p(j) = 2*j**3 - 89*j**2 - 151*j + 1778. Calculate p(46).
1180
Let n(b) = 1367*b - 163982. Determine n(120).
58
Let